= v*u. What is the greatest common factor of 6 and u?
6
Suppose 0 = 4*o - 3*f - 864, -436 = -5*o - 3*f + 644. Let x = o + -120. What is the greatest common factor of 24 and x?
24
Let r(w) be the third derivative of 4*w**5/5 - w**4/12 + w**3/6 - 8*w**2. Let k be r(1). Let x = k + -7. Calculate the highest common factor of x and 100.
20
Let v be 25 + (-9 - (-18 + 10)). Let m be 114*((-3)/6 - -1). Let n = m - -3. Calculate the greatest common divisor of n and v.
12
Let v(h) = 0*h - 7*h - h**2 + 0 - 1. Let f be v(-3). Suppose r = -2*r + 165. What is the highest common factor of f and r?
11
Let n(q) be the second derivative of -q**4/12 + 3*q**3/2 + 3*q**2 - 5*q. Let x be n(7). Let m = 23 - x. What is the greatest common factor of m and 2?
1
Let n(a) = 3*a**3 - 11*a**2 - 15*a + 6. Let m be n(6). Suppose 0*d + 70 = x - 5*d, -d = -3*x + m. Calculate the highest common divisor of 33 and x.
11
Let t(o) = o**2 - 6*o + 14. Suppose 2*y + 4 = 4*f, 6*f = 4*y + 4*f - 10. Let m be t(y). Calculate the greatest common divisor of m and 66.
6
Let y(m) = -2*m**2 + 33*m - 68. Let z be y(14). What is the greatest common divisor of z and 4?
2
Let q(a) = -a**3 - 47*a**2 - 109*a - 279. Let n be q(-45). What is the greatest common factor of n and 36?
36
Suppose -55*d = -52*d - 3150. Calculate the highest common divisor of d and 42.
42
Let g = 2 - -8. Let m = g + -11. Let i be 3/6*m*-42. What is the greatest common divisor of 7 and i?
7
Suppose 2*n - 32 = -0. Suppose -3*b + 3*t + 63 = 0, 0 = 2*t + 8 + 2. What is the greatest common factor of b and n?
16
Let v(z) = z + 29 + z**2 - 12 - 16 - 12. Let k be v(4). Calculate the highest common factor of k and 3.
3
Let m(i) = 5*i + 1. Let u be m(1). Let v = 166 + -108. Let l = v + -49. What is the highest common factor of u and l?
3
Suppose -j = -0*j - 3. Suppose -j*b + 161 = 2*t - 361, 3 = -t. Suppose 134 = 5*f + 24. Calculate the highest common divisor of f and b.
22
Let f = -278 + 494. Suppose -8*j = -6*j - f. What is the highest common divisor of j and 27?
27
Let z(c) = c - 2. Let q be z(14). Suppose m - 216 = -a - 2*a, 5*m + 269 = 4*a. Let r = a + -47. What is the highest common divisor of q and r?
12
Let a(j) = -94*j - 31. Let b be a(-1). Calculate the highest common factor of b and 42.
21
Let z = 25 + -21. Suppose -17 = -z*p + 99. What is the highest common factor of 203 and p?
29
Suppose 0 = 7*v - 9059 - 3128. Suppose v = 6*n + 175. Calculate the greatest common factor of n and 29.
29
Suppose 0 = -3*v - 103 + 283. Suppose -d = -4*d + 57. Suppose 0 = 4*x - d - 29. Calculate the highest common factor of x and v.
12
Let k(f) = f**3 + 8*f - 12. Let j be k(5). Suppose -3*y = 10*y - 117. Calculate the highest common factor of j and y.
9
Let z(g) = -g**3 - 23*g**2 - 25*g + 6. Suppose 0 = -5*c - 3*k + 4*k - 112, -5*k - 12 = c. Let v be z(c). Calculate the highest common divisor of v and 9.
9
Let z be 3 - 4/(12/(-135)). Let d(k) = 197*k - 185. Let i be d(1). What is the greatest common factor of i and z?
12
Let v(b) = -5*b + 24. Let q be v(4). Suppose -8*t = -q*t - 92. Calculate the greatest common divisor of t and 161.
23
Let p = -49 + 51. Suppose 5*h - 152 = -3*o, -o - 30 - 22 = -p*h. What is the highest common divisor of 14 and h?
14
Let r be -41 + 2/(4/(-6)). Let w be -3*(-232)/(-32)*r/3. What is the greatest common factor of 29 and w?
29
Suppose -15*a + 22*a - 2775 = -30*a. Let n(k) = 14*k**2 - 2*k - 1. Let v be n(-1). Calculate the highest common factor of a and v.
15
Let h be 58/(-6 + (8 - 4)). Let o = h + 49. Suppose -y - 3*y + 8 = 0, -o = -2*x - y. What is the greatest common divisor of 45 and x?
9
Suppose -l + 4 = -h, -4 = 3*l - 4*l - 5*h. Suppose -36 + 156 = l*d. Suppose 3 = w - 3*u, 4*w - 2*u = 5*w - 23. What is the greatest common divisor of w and d?
15
Let h(t) = -2*t. Let m be h(-2). Let u be (-4)/(-16)*m*1. Let o be (4 + -3)/u - -3. What is the highest common divisor of 36 and o?
4
Let o(b) = 3*b + 34*b**2 + b**3 - 6 + 0 - 36*b**2. Let n be o(3). What is the greatest common divisor of n and 8?
4
Suppose -2*a = -h - 27, -3*a - 35 = -8*a - 4*h. What is the highest common divisor of 187 and a?
11
Suppose 0 = -2*t + 4*b + 116, 5*t - 4*t - 78 = -3*b. What is the greatest common factor of 594 and t?
66
Let n = -24 - -23. Let r be (0 + -1)/(n/81). Calculate the highest common divisor of r and 9.
9
Let w = -468 + 313. Let c = -115 - w. What is the highest common divisor of 60 and c?
20
Let q be (1 + 163)*243/972. Let x be (82/6)/(2/36). Calculate the greatest common divisor of q and x.
41
Suppose 2*j = -2*c, -2*c - 3*c = 4*j. Let q(y) = y + 2. Let b be q(j). Suppose -s = -b*s + 60. Calculate the greatest common divisor of s and 12.
12
Suppose u + 1 = 22. What is the highest common factor of 14 and u?
7
Suppose -b - 74 = -2*u, 83 + 41 = 4*u + 4*b. Let t = 316 + -306. What is the highest common factor of t and u?
5
Let d be (-5796)/(-96) - 6/16. Calculate the highest common divisor of d and 300.
60
Suppose 7*h = 2*h + 90. Suppose 3*m - 27 = -0*m. What is the highest common factor of h and m?
9
Let y be 168 + -1 - (0 - -2). Let m = -108 + 111. Suppose -y = -2*h + b, m*b - 2*b + 333 = 4*h. Calculate the greatest common factor of 21 and h.
21
Let g(f) be the third derivative of f**5/60 - f**4/2 + 17*f**3/3 - 3*f**2. Let h be g(11). Calculate the greatest common factor of h and 161.
23
Let b(h) = -h**3 - 4*h**2 + h - 7. Let g be b(-5). Let a be 163 - (26 + -2)/(-4). What is the highest common divisor of g and a?
13
Suppose -5*i - 3*z = -0*z + 15, 4*i - z = -12. Let a be i/12 - 34/(-8). Let x = a - -2. What is the highest common divisor of x and 42?
6
Suppose -g + d + 37 = 3*d, 2*g = 4*d + 82. Let t be 4/(-6) + -14*6/9. Let p be 1*(-2)/t + (-10912)/(-40). Calculate the greatest common divisor of g and p.
39
Let f(j) = -j**3 + j**2 - j - 21. Let l be f(0). Let k = 28 + l. What is the highest common divisor of k and 77?
7
Let g(j) = -j**2 + 31*j - 10. Let r be g(26). Suppose -3*t + v = -33, -5*t + 2*t = -2*v - 36. Calculate the highest common factor of t and r.
10
Let a be (-18)/27 - 56/(-3). Let t be (56/(-42))/((-3)/a). What is the greatest common divisor of t and 8?
8
Let c = -1093 + 1561. Suppose -g = -10*g + c. What is the highest common divisor of g and 13?
13
Suppose 3*z - 817 = 2*m + 257, -z - 2*m + 366 = 0. Let s = -228 + z. Calculate the greatest common divisor of 12 and s.
12
Let y = -797 - -1130. Calculate the highest common divisor of y and 74.
37
Suppose -1298 = 6*k - 8*k. What is the greatest common factor of k and 11?
11
Suppose -4*i - r - r = 40, -8 = i + r. Let p = i - -10. Let a = p + 20. What is the highest common divisor of a and 18?
18
Suppose 5*b = 0, 6*z - 5*b - 320 = z. What is the greatest common divisor of z and 8?
8
Let q = -165 + 174. Calculate the highest common divisor of 153 and q.
9
Let y(d) = d**2 + 9*d + 7. Suppose 3*h + h + 32 = 0. Let l be y(h). Let p(c) = -12*c + 1. Let m be p(l). Calculate the greatest common factor of 143 and m.
13
Let z(i) = -10*i - 4. Let c(o) = -9*o - 4. Let l(r) = -4*c(r) + 5*z(r). Let v be l(-8). Suppose -5*u + v = -u. Calculate the greatest common factor of u and 9.
9
Suppose 15 = -6*b + b. Let t be ((-3)/(-3) - -74) + b. Let z = 9 - -9. What is the highest common factor of t and z?
18
Suppose 10*x - 5*x = -3*y + 200, -4*y - x + 261 = 0. Let p be -4*-1*26/8. Calculate the highest common divisor of p and y.
13
Let b = -1464 - -1504. What is the greatest common divisor of 530 and b?
10
Suppose 0 = -3*y + 25 - 4. Suppose 5*d - 5*i + 9*i - 202 = 0, -3*d + i = -128. What is the highest common factor of y and d?
7
Suppose 4 = -t + 3. Let p = 20 + -20. Let c be 1 - (p + -40 - t). What is the highest common divisor of c and 10?
10
Let j(q) = 3*q**2 + 19*q - 25. Let n be j(-8). Calculate the highest common divisor of 5 and n.
5
Let q = -873 + 960. Calculate the highest common divisor of 319 and q.
29
Let p be 14/(-8) - (-9)/(-36). Let t(r) = -2*r + 1. Let c be t(p). Suppose -5*z - 1 = -5*i - z, 0 = -i - 4*z + 5. What is the highest common factor of i and c?
1
Let r be (-29)/(-4) - (-3)/(-12). Let o = -178 - -179. Let t be ((-14)/(-10) - o) + (-966)/(-35). What is the greatest common divisor of t and r?
7
Let v = -27 + 31. Let s(x) = 24*x + 9. Let d be s(v). Calculate the hi